ts digit of w(k)?
1
Let b(i) = i**2 - 8. What is the units digit of b(7)?
1
Let n be (45/6)/(-3)*-2. Let f = n - 2. Let j(v) = v**3 - v**2 - 2*v + 2. What is the units digit of j(f)?
4
Let q = -3 + 0. Let a = -1 - q. What is the units digit of ((-10)/4)/(a/(-4))?
5
Let o(i) = -3*i + 2. What is the units digit of o(-4)?
4
Let z(n) = n**3 + 8*n**2 + 7*n + 3. Let i be z(-7). Let o = 2 + i. Suppose -3*r + 78 = o*g, 0 = 3*g - 6*r + 2*r - 70. What is the units digit of g?
8
Let j = -38 + 54. Let s = j + 3. What is the units digit of s?
9
Suppose -3*r + 90 = -96. What is the units digit of r?
2
Let g(a) = a + 5. Let k be g(-11). What is the units digit of ((-2)/k)/((-1)/(-114))?
8
Suppose p = 3*p - 10. Suppose -p*c + 0*c + 125 = 0. What is the tens digit of c?
2
Let b = -7 + -2. Let c = b - -17. Suppose -c = -f - 1. What is the units digit of f?
7
Let o(u) = 2*u**2 + 4*u + 2. Let v be o(-2). Let q(l) = 2*l**2 - 4*l + 3. What is the units digit of q(v)?
3
Suppose -9*k = -5*k - 32. Suppose -4*t + k = -8. What is the units digit of t?
4
Suppose -4*r + 54 = -s, 0*s - 64 = -4*r - 4*s. What is the units digit of r?
4
Let q(x) be the third derivative of -x**5/60 + 53*x**3/6 + 11*x**2. What is the units digit of q(0)?
3
Let b be (-2 - -26)/(2/(-2)). Let q = b - -56. Let l = -22 + q. What is the tens digit of l?
1
Let a = 280 - 44. What is the units digit of a?
6
Suppose -5*i - 8 = 12. Let l = -9 + i. Let f = 24 + l. What is the tens digit of f?
1
Let d = -3 + 4. What is the tens digit of 0 - (-13 + d) - 0?
1
Let n(s) = 12*s**2 + 3*s + 2. What is the tens digit of n(-2)?
4
Suppose 30 = -0*n + 2*n. Suppose 4*t = t - n. Let v = t + 12. What is the units digit of v?
7
Let u be 74/14 - (-10)/(-35). Suppose -31 = -u*b + 54. What is the units digit of b?
7
Suppose 0*t + 10 = t. What is the units digit of t?
0
Suppose -18 + 2 = -4*s. Suppose -4*u = 3*k - 41, 3 + 22 = 3*k - s*u. What is the tens digit of k?
1
Suppose 4*c + 300 = 7*c. Suppose 0 = -8*h + 3*h + c. What is the units digit of h?
0
Let c = 412 + -283. What is the units digit of c?
9
Suppose 9*y - 678 = 4*y - 3*v, 256 = 2*y + 5*v. What is the hundreds digit of y?
1
What is the units digit of 4 - (0 + -4 + -37)?
5
Let l(n) = -8*n - 3. Let q be l(-2). Let c = 31 - q. Let i = c - 10. What is the units digit of i?
8
Suppose 5*v - 180 = 3*v. What is the tens digit of v?
9
Let m = -266 - -541. What is the hundreds digit of m?
2
Suppose n + 3*n = 160. Suppose -31 = -3*g - g + 3*v, -5*g = -5*v - n. What is the units digit of g?
7
Suppose 4*d = 38 - 6. Suppose 2*u + 32 = 5*a, a - 1 = 3*u + d. What is the units digit of ((-14)/(-6) + -2)*a?
2
Suppose 0*w - w = -b - 37, b - 155 = -5*w. Let q = w + -23. Let m = q - 4. What is the units digit of m?
5
Suppose -12*u - 340 = -16*u. What is the tens digit of u?
8
Let u = 0 + -2. Let v(x) = 9*x + 7. Let g(h) = -5*h - 4. Let c(l) = -5*g(l) - 3*v(l). What is the units digit of c(u)?
3
Let v = -92 + 279. What is the units digit of v?
7
Let g(l) = -l**2 + 4*l - 3. Let t be g(4). Let i be 3/(-3)*-6 + t. Let p = 14 - i. What is the units digit of p?
1
Suppose 5*x = -5*m + 220, 3*x - m = -2*m + 132. What is the units digit of x?
4
Suppose -5*r = -11 - 9. Suppose 4*h - r = -0. What is the units digit of h?
1
Let g(v) = -v + 17. Suppose -4*s - 57 = -5*i, 4*i - 2*s - 45 = s. Suppose 4*x = 2*f - 10, -3*f - 3*x + i = -24. What is the units digit of g(f)?
8
Suppose -3*u - 7 = u - h, 0 = 4*u + 2*h - 2. Let k be (12/8)/(u/(-6)). Suppose 2*l - s - 12 = -6*s, -2*s = 5*l - k. What is the units digit of l?
1
Suppose -4*i + 325 = 85. Suppose -5*t + 0*t = -i. Suppose -3*y + t = -0*f - 3*f, 5*y - 24 = f. What is the units digit of y?
5
Suppose 2*w = -2*p - 3*p + 415, 3*w - 2*p - 613 = 0. What is the hundreds digit of w?
2
Let n(q) = q**3 - 2*q**2 - q - 2. Suppose 2*s = 6, 3*s - 31 = -5*f - 7. What is the units digit of n(f)?
4
Let y = 2 - 1. Let g(s) = 2*s**2 - 2*s + 1. What is the units digit of g(y)?
1
Suppose 8*p - 1197 = -109. What is the units digit of p?
6
Suppose 3*n = l + n - 50, 4*l - 2*n = 176. What is the units digit of l?
2
Suppose 4*s = -5*r + 11, -3*s + s + 5 = 3*r. Let i = -69 - -169. Suppose p + s*p = i. What is the units digit of p?
0
Let u be 3 - ((1 - -1) + -34). Suppose -v = 5*g - u, g + v = 2*v + 1. Suppose 8*y = g*y + 38. What is the units digit of y?
9
Let c be 8/(-6)*9/(-6). Suppose 4*v + 4*g + g = 17, -2*v - 5*g + 11 = 0. Suppose -c*m = -v*m + 10. What is the units digit of m?
0
Let l be 44/5 + 2/10. Let c = l - 19. Let j = 22 + c. What is the units digit of j?
2
What is the units digit of (4/(-6) + 0)*-51?
4
Let q(d) = -2*d**3 - 13*d**2 - 8*d - 10. Let a be q(-6). Let v(y) = y + 9. Let u be v(-6). Suppose w = u + a. What is the units digit of w?
5
Let z(l) = -4*l + 4. Let j(v) = -5*v + 5. Let t(c) = 5*j(c) - 6*z(c). Let o be t(-2). What is the units digit of (-3)/(o/(-3*3))?
9
Suppose a + 52 = 3*a + 5*p, -2*a = -2*p - 24. Let f = -7 - -8. What is the units digit of f + a - 2/2?
6
Suppose 0 = 5*m + l - 14 + 136, 4*l - 112 = 5*m. Let h = m + 70. What is the units digit of 1/4 - h/(-8)?
6
Suppose 2*a = 5*p, 3*p + 1 + 8 = 3*a. What is the units digit of (-122)/(-10) + p/(-10)?
2
Let i(y) = -y**2 + 23*y - 27. What is the units digit of i(17)?
5
Let t(m) = m**2 - 5*m + 2. Let x be t(5). Suppose 0 = -x*y + 7*y - 25. What is the units digit of y?
5
What is the tens digit of 0/4 - 267/(-3)?
8
Let u be (-2 + 3)*(-2 - 15). Let l be (u/(-2))/((-1)/(-2)). Let t = -12 + l. What is the units digit of t?
5
Suppose 2*n - 26 = -4*i, 5*n - 39 = 2*n - 5*i. What is the tens digit of n?
1
What is the tens digit of 2/6 - 358/(-6)?
6
Suppose 0 = 5*q - 3 + 8. What is the units digit of 24*q/(6/(-4))?
6
Let w(a) = -3*a**3 - 2*a**2 + 1. Let l be w(-1). What is the units digit of 2/4 + 13/l?
7
Suppose -4*p + t + 215 = 16, 3*p - 149 = t. What is the tens digit of p?
5
Suppose -5*q - 2*t + 303 = 69, 3*q - 128 = 5*t. Suppose 4*s - 2*o = q, 3*s - 5*o - 18 - 34 = 0. What is the units digit of s?
9
Let u(n) = n**2 + 6*n + 7. Let j be u(-5). Suppose 0*k - j = -k. Suppose -4*r + 20 = -k*r. What is the units digit of r?
0
Let y(i) = -2*i**2 + 4*i - 4. Let q be y(3). Let f = q - -22. What is the tens digit of f?
1
Let d(y) = 36*y**2 + 3*y - 1. What is the units digit of d(1)?
8
Let w(t) = 4*t - 6*t + 5*t. Let d(l) = l**3 - 4*l**2 - 4*l - 3. Let x be d(5). What is the units digit of w(x)?
6
Suppose -5*f + 70 = -15. Let a = f + -12. Let b(i) = -i**2 + 8*i - 6. What is the units digit of b(a)?
9
Let a(m) = m**3 - 4*m**2 + 2*m - 6. Let f(g) = 2*g - 4. Let s be f(4). Let y be a(s). What is the tens digit of (-100)/(-8) - 1/y?
1
Suppose 4*y = -0*y - 12. Let o = -4 + y. Let i(h) = h**2 + 6*h - 1. What is the units digit of i(o)?
6
Let i(n) = 4 - 12*n + 14*n - 12. What is the units digit of i(8)?
8
Suppose -2*k + 20 = 3*k. Suppose -8 = -5*r + 2*y - 1, 3*r - 25 = -k*y. Suppose -1 = g - r. What is the units digit of g?
2
Let q = 159 - -15. What is the tens digit of q?
7
Suppose 0 = -q - 3*h, 5*q + 3*h - 68 = 5*h. Suppose q - 4 = 2*w. Suppose -5*z + w*z = -4. What is the units digit of z?
4
Let f = 81 - 17. Suppose -2*c = -f + 2. What is the tens digit of c?
3
Suppose 3*m = -5*n + 234, n + 2*n - 5*m = 120. Let c = n - 27. What is the tens digit of c?
1
Let a = -5 + 5. Let h(t) = t**3 + t**2 + 3. Let b be h(a). Suppose n - b*n = -2. What is the units digit of n?
1
Let f(m) = 2*m**2 - 3*m + 7. What is the tens digit of f(4)?
2
Let i(y) = y**3 - y**2 + 2*y - 2. Let v(l) = l**3 - 3*l**2 - 4*l. Let o be v(4). Let p be 0 + -2*(o - 1). What is the units digit of i(p)?
6
Let g(l) = l**2 + l + 105. Let u be g(0). Suppose 0 + u = 5*f. What is the tens digit of f?
2
Let l = -65 + 97. Let k(o) = o**2 + 3*o + 1. Let i be k(-6). Let b = l - i. What is the tens digit of b?
1
Let s = -42 + 0. Let y = 69 + s. What is the tens digit of y?
2
Let i(f) = f + 11. Let v be i(-7). Suppose 0 = r + v*r - 55. What is the units digit of r?
1
Let q = 42 - 29. What is the tens digit of q?
1
What is the tens digit of (6/1)/(12/(-56))*-1?
2
Suppose -83 + 25 = -h. Suppose -11 = f - h. What is the units digit of f?
7
Suppose -3*h + 66 = -5*s, -4*h - 32 = 5*s - 120. What is the tens digit of h?
2
Let u(b) = -b + 5. Suppose -3*m = 9 + 6. Let h be (-